lculate 4 - (29 - (6 + -4)).
-23
What is 14 + 2 + -8 + -4?
4
What is -13 + -18 + -10 + 15?
-26
Evaluate -8 + (3 - (-20 - (5 + -7))) - 6.
7
What is (2 - 4) + (28 - 31)?
-5
Evaluate 20 + -11 + -25 + 31 - (-2 - -1).
16
What is the value of -5 - -12 - (-130 + 131)?
6
Calculate -1 - -16 - (-2301 + 2297).
19
Calculate (1 - (3 - 1)) + -138 + 143 - -5.
9
Evaluate 74 + -78 + (-1 + 3 + 0 - 6).
-8
Calculate 4 + (-6 - (6 + -4 + -6 + -3)).
5
What is (9 - 7) + 3 - (-4 + 2)?
7
-7 - (48 - (38 - -2))
-15
What is the value of 8 - (10 + -4 + 0) - 20?
-18
Evaluate (4 - (-2 + (-1 - -5))) + (5 - 9).
-2
(7 + -14 - -7) + 0 + -11
-11
-3 + 0 - (-12 - (-23 - (9 + -12)))
-11
What is (4 + 1 + 3 - -5) + 8 + -9?
12
What is the value of 0 - -1 - (0 - 14 - (250 - 274))?
-9
What is the value of 33 - (46 - -2) - -36?
21
What is 5 + -12 + (-7 - (13 + (-52 - 1)))?
26
31 + -16 + -2 + 7
20
4 - (-2 + -3 + 7 - (18 - 11))
9
Calculate -5 - -4 - -13 - 25.
-13
What is the value of (22 - (-4 - -12 - 7)) + (-8 - -4)?
17
0 - 1 - 7 - (26 + -80 + 52)
-6
-2 - (27 - 3 - 3) - (9 - -3)
-35
What is -7 + -2 + (25 - 10) + 2?
8
Calculate 11 + -12 + 8 + 2.
9
Evaluate 215 + -214 + (1 - -17 - 1) + 0.
18
What is the value of -7 + -2 + (26 - 3)?
14
Calculate -27 + -8 + 42 - (-3 - 1).
11
(-9 + 19 - 6) + (-1 - (2 + -5))
6
Calculate -6 - (-5 - -13 - 2).
-12
What is (-99 - -83) + (2 - -11) - 9?
-12
What is -2 - (-36 + 17 + 1)?
16
-1 - (21 + -9) - 22
-35
What is -1 + (-1 - 0) - (-5 - (-1 - -4))?
6
What is the value of 30 + -46 - (5 - -2)?
-23
What is (2 - 2 - -2 - 12) + (8 - 7)?
-9
-16 + -1 + 1 + 1057 + -1060
-19
Calculate (-12 - 22) + 17 + 8 + -1.
-10
What is -28 + (107 + -32 - 19)?
28
Evaluate (1 - 3) + -7 + (-35 + 6 - -36).
-2
Evaluate 14 + (2 - 7) + -7.
2
What is the value of 27 - (-4 + -7 + 20) - (-1 - -5)?
14
Calculate 11 + (-25 + 10 - 7).
-11
Evaluate 221 + -218 + (-12 + -1 - -2).
-8
0 - (1 - (-9 + 13))
3
Calculate (-14 + (3 - 2) - -7) + (1 - 5).
-10
Evaluate -10 - (-30 - -33 - (-4 + 0 + 48)).
31
What is the value of -7 - (-6 - -24) - -38?
13
Calculate (6 - 0) + (0 + 0 - 9) + 2.
-1
What is the value of 9 - ((0 - 10) + 18)?
1
Calculate 10 + 0 - (19 - 24 - (-3 - 4)).
8
What is the value of (-2 - (-7 + 1)) + (-13 - (-10 - -27))?
-26
Evaluate 20 + -14 - ((2 - -9) + -3).
-2
Calculate 772 + -755 - (-11 + 0 - 0).
28
What is -2 + 27 + -5 - (-9 - (9 + -16))?
22
Calculate -26 + 15 + 11 + 0.
0
What is 6 - (7 + -5 + 2 + 8) - -3?
-3
What is the value of 24 + (-3 - (2 - 2 - (34 + -41)))?
14
What is the value of 4 + 6 - (-30 + 10 - -33)?
-3
What is the value of (-7 - (-19 - 3)) + -5?
10
Evaluate (-270 + 268 - (15 + 0)) + (3 - -1).
-13
Calculate 34 + -39 + -4 + 4.
-5
Evaluate 1 - ((-7 - -1 - -5) + 4 + -4).
2
What is the value of 2 + -5 + -48 + 38?
-13
Evaluate 34 - (-1 - -37 - 5).
3
Calculate (57 - (-13 - -27)) + -14.
29
Evaluate (-2 - (-4 + -10)) + -23.
-11
What is the value of 7 - (-3 + 4) - (-6 - -6 - -6)?
0
1 - -1 - ((7 - -26) + -12)
-19
Calculate (1 - 5) + (3 - (-10 - -10)) + -4.
-5
What is the value of 1 + 2 - 18 - -30?
15
Calculate -1 + 1 - 3 - -6 - -8.
11
(-1 - -1) + -41 + 28
-13
What is the value of -49 - (-10 + 36 + -59)?
-16
Calculate (-3 - 0 - -20) + (63 - 71).
9
Calculate -51 + (36 - (3 + -7)).
-11
What is -95 + 92 + (0 - 8) + 24?
13
5 - (56 + -54 - (8 + 0))
11
-2 + (26 - (129 + -113 + -1 + -9))
18
(-2 - 6) + 0 + 12 + -17
-13
1 + (-4 - -3 - (0 - 1) - 3)
-2
What is -70 - ((-28 - -66) + -76)?
-32
What is the value of (-13 - 13) + (15 - 2)?
-13
What is the value of 14 + -7 + 2 + 0 - -6?
15
What is the value of 236 - 233 - ((1 - -22) + -1)?
-19
What is the value of 12 + 0 + 3 + (-48 - -52)?
19
What is the value of -3 + 14 + 0 + 0 + (-14 - -8)?
5
What is 2 + (3 - -8) + -9 - (19 + 2)?
-17
-27 + 9 + 10 - -11
3
Evaluate 24 + -16 + -9 + 12 + 8.
19
Calculate (0 + 6 + 2 - (25 + -46)) + 1.
30
What is the value of 13 - (18 - 0 - 3)?
-2
What is -2 + 3 + -12 - (-27 - (-19 - 0))?
-3
Calculate (32 - 32) + (-25 - -2) - 3.
-26
Calculate 5 - (-15 - -7) - -9 - 15.
7
What is the value of -14 - -56 - (-7 + 34)?
15
-3 + (4 - -6) + (10 - 7)
10
What is -340 - -347 - (22 + -1)?
-14
What is (-8 - -26 - 10) + (-6 - -7) + -21?
-12
What is (-3 - (-8 + 2)) + 7 + -1 + 5?
14
What is the value of 10 + 1 + (1 + -19 - -24)?
17
What is the value of (-15 - -20 - -7) + 0 + -5 - 27?
-20
Calculate 4 + (4 - 12) + -1 - (26 - 22).
-9
What is 4 + -3 - 11 - -1?
-9
What is -26 - -28 - (1 - -10) - -15?
6
Calculate 15 + 6 + -15 + (0 - 9) + 1.
-2
What is 17 + (-50 - -17) + -3?
-19
What is the value of (-5 - -8) + -3 + -2 + 1 + 6?
5
Calculate (1 - 0) + 1 - 1 - (10 - 7).
-2
(10 - 8) + 9 + -13
-2
Calculate -2 + 24 - 2 - 0.
20
0 - 3 - ((3 - 1) + 26 + -33)
2
Evaluate (2588 - 2583) + -29 + (0 - 2).
-26
Calculate (-2 - 13) + (-200 - -196).
-19
What is the value of 16 + 16 + -12 + -3 + 9?
26
What is the value of -3 - (-5 + (0 - 3)) - (-22 + 45)?
-18
What is 15 - 52 - -20 - (-1 + -7)?
-9
What is 21 + (-8 - (6 + -5))?
12
Evaluate -26 + (11 + 5 - 13) + 6.
-17
Calculate -2 + -10 + (-2 - 1) + 7 - -2.
-6
(15 + -9 - -7 - 6) + 7
14
What is the value of -18 + 13 + -1 + -5 - 19?
-30
Calculate (11 - (7 - 2) - 9) + (0 - -8).
5
Calculate 1 + 3 + 8 - 0.
12
Evaluate 29 + (-14 - -3) - 7.
11
What is the value of (-10 - (-3 + -12)) + -2?
3
1 - -1 - ((28 - 7) + -7)
-12
Evaluate (9 - 28) + -2 + 27.
6
What is the value of 13 - (-21 - -23) - 23?
-12
What is 8 - (-12 + 6) - (-1 - -16)?
-1
Evaluate (1 - 13) + 0 - (5 - 5).
-12
What is -10 - (-6 + 8 - 23)?
11
Evaluate -5 + -1 + 1 - (31 + (-62 - -8)).
18
Evaluate -38 - (-9 - -21 - 32).
-18
Calculate 28 - (-2 + (22 - 14 - 1)).
23
What is the value of 7 - ((1 - -2 - 5) + (-6 - 2))?
17
Calculate 71 + -99 - (3 + -1 + -2 + -5).
-23
What is the value of (-18 + 11 - (1 + -8 + 0)) + 10?
10
What is the value of 9 + 2 + -5 + 3 + 0?
9
What is the value of -2 - (0 - (-8 + (-7 - -16)))?
-1
What is the value of -14 - (15 + -34) - (7 + -3)?
1
What is the value of 2 - (9 + 12 - 11)?
-8
Calculate -19 + (29 - 21) - -4.
-7
Calculate -2 + 1 + 21 + -95 + 88.
13
What is the value of (-4 - (9 - (21 - 7))) + 12?
13
Evaluate (-16 - (-11 + -16)) + (17 - -2 - 2).
28
What is 13 - (19 - (-14 - (-23 + 18)))?
-15
What is the value of 3 + -11 + 0 - -14 - 6?
0
What is the value of (-15 - -18) + (1 - -21) + -13?
12
What is -2 - (25 - 14 - 2)?
-11
Evaluate (-1 - -3) + -2 + (0 - -11) + -12.
-1
-10 + -2 + (7 - 5) + (52 - 78)
-36
What is 11 + (-6 - (-1 - -8))?
-2
What is -23 + (27 + -7 - -9)?
6
Evaluate 1 - (-2 + -4 + 9 + 2).
-4
1 + (1 - 2 - (-15 - -20)) + 4
-1
0 - -8 - (-232 + 236)
4
What is 3 + (1 + 9 - (5 + 1)) - -7?
14
What is the value of 73 - 80 - (-1 - 5)?
-1
Evaluate 0 - (14 + -1 + -2) - (-15 - -3).
1
Calculate (5 - (0 - 7 - (-20 - -13))) + -13.
-8
5 - (21 - (22 + -15))
-9
-8 + 13 + -2 - 11
-8
What is the value of (7 - (0 + 3)) + -3?
1
What is the value of -10 + (-34 + 23 - (-18 - 1))?
-2
What is the value of 23 + -11 - (1 + 5) - 24?
-18
What is 15 + (-12 - 7) - (-9 - 6)?
11
What is the value of -5 - 2 - (-13 + (14 - (0 - -8)))?
0
-25 - (12 + -40) - (0 - 5)
8
Evaluate -4 + (-15 - 12) + 59.
28
0 + (-9 + 25 - 10) - 3
3
What is the value of 7 + -10 + -1 - -4 - -25?
25
(-3 - (-6 + -1) - 5) + 6 + -2
3
Evaluate -6 + 38 + -34 - (-7 + 0).
5
Calculate -16 + 8 - -10 - (3 - (5 - -8)).
12
Calculate (23 + -15 - -3 - 11) + -8.
-8
What is 11 + -2 + (0 - 1) + -25?
-17
(2 - (-1 + -3)) + (104 - 95)
15
Evaluate (3 - 5) + (1 - -2) + (-837 - -832).
-4
(0 - -1 - (1 + (0 - 8))) + 2
10
Calculate -13 + -4 + (1 - 1) + 8 + -4.
-13
-6 + 5 + -4 - (-4 - 1) - 5
-5
What is (-347 - -331) + -1 + 4?
-13
Calculate (4 + -49 - -30) + 44.
29
What is 1 - (-5 - ((5 - 14) + 4 + 7))?
8
Calculate (-24 - (-2 - 4)) + -45 + 35.
-28
What is the value of 6 + (2 - 12) - (3 + -1 - -8)?
-14
Evaluate 1 + 6 + 6 + (3 - 7).
9
Calculate -4 + 1 - -13 - 12.
-2
What is the value of 2 + 11 + -10 + -9 - (-6 + 0)?
0
What is the value of 42 - -19 - 24 - 4?
33
Calculate 3 + 20 + -7 + 3 + 0.
19
What is the value of -4 + 16 + -9 + -10 + 6 + 16?
15
What is (2 - -1) + (13 + 7 + -7 - 7)?
9
What is (-5 - (4 + 9)) + 4?
-14
Calculate (-17 - (6 - 9)) + -2 + 15 + -5.
-6
What is the value of (5 - -1) + -2 - 8 - -16?
12
Calculate (-3 - (5 + 15 + -31)) + (-30 - -1).
-21
What is 7 - ((9 - (7 - 5)) + -14)?
14
What is 27 - -1 - (-2 + -13 + 15 +